v*(-70 + -1 + 4) is divided by 35.
32
Let n = 8 - 6. Suppose -2*r - n*b + 72 = 2*b, 3*b = 3*r - 81. Let s = 3 + 5. What is the remainder when r is divided by s?
6
Suppose 3319 = 4*o + 3207. What is the remainder when 295 is divided by o?
15
Let f be -16*1 + (-4 - -2). Let j = -13 - f. Suppose 4*c - 8*c = 16, -c = -j*v + 64. Calculate the remainder when v is divided by 8.
4
What is the remainder when 54 is divided by 176/(-110)*(-1 + 21)/(-2)?
6
Suppose 2*r - 35 = -3*z, -2*z + 106 = 5*r + 24. Calculate the remainder when 222 is divided by r.
14
Let q be (1800/70)/(2/28). Let o be q/(-105)*(-28)/2. Calculate the remainder when (0/3 - -2) + o is divided by 13.
11
Let w = -27 - -40. Suppose 0 = -w*o + 14 - 1. What is the remainder when o is divided by 1?
0
Let n(d) = 21*d + 1. Let z be n(-1). Calculate the remainder when ((-32)/z + -2)*-5 is divided by (-6)/9*12/(-8).
0
Let u(g) = 7*g**2 + g - 7. Let y be u(2). Suppose -y = -10*z + 137. What is the remainder when 79 is divided by z?
15
Let v = 20 + -4. Calculate the remainder when -2 - (3 - 1)*-32 is divided by v.
14
Let p = 644 + -581. Calculate the remainder when p is divided by 30.
3
Let j = 32 - 35. What is the remainder when -2 - (0 - (-87)/j) is divided by 7?
6
Let g = 245 - 226. What is the remainder when 188 is divided by g?
17
Let v(c) = c**3 - 15*c**2 + 15*c - 10. Let a be v(14). Suppose -k = a*k - 2*u - 115, -u + 58 = 3*k. Calculate the remainder when 79 is divided by k.
16
Let f(q) = q**3 + 11*q**2 + 11*q + 10. Let n be f(-10). Let m(d) be the first derivative of d**2/2 + 37*d - 3. What is the remainder when m(n) is divided by 13?
11
Let n(k) = k**2 + 6. Suppose -3*x + 166*s - 164*s + 248 = 0, 0 = -x - 4*s + 78. Calculate the remainder when x is divided by n(6).
40
What is the remainder when 27 - (-4 + (2 - 1)*3) is divided by 5?
3
Suppose 0 = -3*n - m - 243, -6*n + n - 395 = 5*m. Let p = -54 - n. Suppose -172*i = -177*i + 260. What is the remainder when i is divided by p?
24
Let j(z) be the third derivative of z**5/60 - z**4/4 - 11*z**3/6 - 7*z**2. Calculate the remainder when 30 is divided by j(9).
14
Suppose -638 = -31*s + 137. Let z(l) = 11*l**2 + 2*l - 2. Calculate the remainder when z(2) is divided by s.
21
Let y be 4/(-8)*(0 + 12)/(-1). What is the remainder when 340/y - ((-6)/9)/2 is divided by 29?
28
Calculate the remainder when 162 is divided by (-344)/(-10) - 8/20.
26
Let r = -398 - -418. What is the remainder when (-1*78)/(0 + -1) is divided by r?
18
Calculate the remainder when ((-64)/(-32))/(-1 - (-253)/251) is divided by 36.
35
Let f = 78 + -41. Let m = f - 31. Calculate the remainder when m is divided by 2.
0
Let t(r) = -r - 2. Let x be t(-8). Let b be (38/(-6) - -1)*57. What is the remainder when 37 is divided by (b/(-24))/(4/x)?
18
Suppose 0 = -5*p + 39 - 19. Suppose -2*n + 55 = 3*q, -4*n + 23 = -p*q - 77. Let j = 4 - -3. Calculate the remainder when n is divided by j.
5
What is the remainder when (-1952)/(-72)*90/10 is divided by 125?
119
Let c = -37 - 0. Let r = c - -50. Calculate the remainder when 206 is divided by r.
11
Suppose -4*f + 240 = f. Suppose 0 = -7*c - 27 - 1. Let n = f + c. What is the remainder when n is divided by 16?
12
Let j(o) = o - 27. Let l(n) = n. Let z(s) = j(s) + 5*l(s). What is the remainder when z(18) is divided by 21?
18
Let y(w) = -w**3 - 3*w**2 + 5*w + 8. Suppose 0*f - 2*f = -4*u - 18, -3*u + 25 = 4*f. Calculate the remainder when f is divided by y(-4).
3
Let p = -8 - -11. Suppose t - 48 = 5*y, -5*t = p*y + 2*y - 150. Calculate the remainder when t is divided by 9.
6
Suppose 0 = -67*n + 79*n - 108. Suppose 0 = 4*r - 4 - 8. What is the remainder when n is divided by r?
0
Suppose 0 = r + 1 - 5. Suppose c + 4*c = 2*y - 15, 4*y = 5*c + 15. Suppose -11 = -3*x + a, -x = -3*a - y + 7. Calculate the remainder when x is divided by r.
1
Let i = -267 + 289. What is the remainder when 145 is divided by i?
13
Let x = -698 - -813. Calculate the remainder when x is divided by 40.
35
Let h = 2078 + -2042. What is the remainder when 284 is divided by h?
32
Let l = 34 - -43. Calculate the remainder when 304 is divided by l.
73
Suppose -8 + 33 = 5*v. Suppose 3*b = -p + 296, -v*b + 2*p + 608 - 122 = 0. Let x = -39 - -64. What is the remainder when b is divided by x?
23
Suppose -72 = -4*a - 32. Calculate the remainder when (-30)/9*(-1)/(a/36) is divided by 2.
0
Let x = 58 + -138. Let b = x - -87. Calculate the remainder when 25*-2*(-2)/4 is divided by b.
4
Let v(f) = -f**3 + 3*f**2 - 4. Let y be v(3). Let s(w) = w**3 + 4*w**2 - 4*w - 4. Calculate the remainder when 20 is divided by s(y).
8
Let l be (-3)/(-3) + 2/4*-46. Let w = -9 - l. What is the remainder when 25 is divided by w?
12
Suppose 4*w - 15 = -7. Suppose -w*d = -6*d + 172. What is the remainder when 126 is divided by d?
40
Let h(q) = -5*q + 232. What is the remainder when 199 is divided by h(41)?
10
Suppose 4*h - 110 = -5*f, -48 = -2*h - 3*f + 4*f. Let o be 2/10 - 116/(-20). Suppose g = o*g - 45. What is the remainder when h is divided by g?
7
Suppose 0 = -5*c + 512 + 53. Calculate the remainder when c is divided by 34.
11
Let v(s) = 16*s**2 + 2*s + 1. What is the remainder when v(-3) is divided by 14?
13
Let x = -29 - -32. Suppose -2*q - 45 = -k, -x*k - q = k - 162. Calculate the remainder when k is divided by 22.
19
Suppose 5*c - 5*h = -345, 5*h - 12 = 2*h. Let a be 2171/c + 4/10. Let n = a + 99. What is the remainder when n is divided by 17?
15
Let n(v) = -12*v + 18. Let y be n(3). Let p be 16/40 - 16/(-10). What is the remainder when 31 is divided by p*y/8*-2?
4
Suppose 4 = s, -34*c + 2*s + 452 = -29*c. Calculate the remainder when c is divided by 78.
14
Let z(i) = 115*i**3 + 2*i**2 + 4*i + 3. Let f be z(-1). Let m = -73 - f. Calculate the remainder when 120 is divided by m.
38
Calculate the remainder when 423 is divided by (-5)/(-15) + (-688)/(-24) + 7.
27
Suppose -1960*u - 70 = -1967*u. Calculate the remainder when 26 is divided by u.
6
Let v(u) = 3*u + 64. What is the remainder when 471 is divided by v(5)?
76
Let t = 204 + -184. Calculate the remainder when 105 is divided by t.
5
What is the remainder when (-8 - (-1 + (-6)/3)) + 265 is divided by 53?
48
Let b = -231 - -56. Let x = -124 - b. What is the remainder when x is divided by 11?
7
Suppose 0 = 4*c - 2*x - 118, -11*x + 12 = -7*x. Suppose 2*s = -0*s - 4*b - 6, -2*s + 3*b = 6. What is the remainder when c is divided by 3 - (42 + 0)/s?
14
Let m(b) = 67*b + 4. Let i be m(1). Calculate the remainder when 4 + (2 + i - -1) is divided by 16.
14
Let y(w) = w**3 - 7*w**2 + w - 4. Let g be y(7). Suppose -g*o - 59 = -314. Calculate the remainder when o is divided by 11.
8
Suppose -6 = -2*w - w, 0 = -2*p + 3*w - 4. Calculate the remainder when (26 + p)*26/13 is divided by 11.
10
Let d = -9 + 28. Let b = -18 + d. Let z = b + 2. What is the remainder when 7 is divided by z?
1
Calculate the remainder when 170 is divided by 1760/60*3/2.
38
Let y(g) = 7*g**2 - 8*g - 1. Calculate the remainder when 66 is divided by y(3).
28
Suppose 3*c + 2*j - 94 = 6*j, 92 = 3*c - 2*j. Let x = -252 + 371. What is the remainder when x is divided by c?
29
Let r(j) = -2*j**2 - j**3 + 4*j**2 - 2*j**2 + 4*j**2 - 4 - j. Calculate the remainder when 7 is divided by r(2).
1
Suppose 0 = 248*k - 263*k + 105. Let y = -19 - -37. What is the remainder when y is divided by k?
4
Suppose k = 3*k - 6. Calculate the remainder when 82 is divided by 51/(k*1/1).
14
Let u be (2/(-5))/(2/10). What is the remainder when u/6 - (-273)/9 is divided by 115/11 - (-492)/902?
8
Suppose -13*t = -10*t - 189. Calculate the remainder when t is divided by 34.
29
Let q = 94 + -51. Suppose 5*i = -20, -n + q = -0*i + 3*i. Calculate the remainder when n is divided by 19.
17
Suppose -5*l = -15*l + 660. What is the remainder when l is divided by 32?
2
Let v = -920 + 941. Calculate the remainder when v is divided by (-6 + 0)*(-1)/1.
3
Suppose 16*q - 4*m = 11*q + 900, 5*m = -25. What is the remainder when q is divided by 20?
16
What is the remainder when 474 is divided by (-29 - 5)*-2 + 0?
66
Suppose n - 3*j = 315, -j = -3*n - 2*j + 905. Calculate the remainder when n is divided by 17.
14
Suppose -112 = -5*u + 48. Let d be 3/((-6)/u*-4). Suppose 0 = -4*o + 5*z + 33 + 26, 0 = 2*o + d*z - 36. What is the remain